r) be the first derivative of r**3/3 + 5*r - 5. List the prime factors of l(c).
5
Let n = 43 - 91. List the prime factors of (n/20 + 2)*-95.
2, 19
Let c(q) = q**3 + 11*q**2 - 11*q. List the prime factors of c(-9).
3, 29
Suppose 2*y = -3*y. Suppose y = 2*r - 17 + 3. Suppose 2*l - r = 7. What are the prime factors of l?
7
Let r be (3 - 2)/((-1)/19). Let o = 28 + r. What are the prime factors of o?
3
Let t(v) = v**3 + 5*v**2 - v - 1. Let h be t(-5). Suppose h*g + 28 - 84 = 0. List the prime factors of 60/14 - 4/g.
2
Let p be (-1)/((-1)/2) + -2. Let c be 33/15 + (-1)/5. Suppose 0 = -p*m - c*m + 14. What are the prime factors of m?
7
Suppose 604 = 3*c + c. List the prime factors of c.
151
List the prime factors of 2/(-4)*-1 + 4746/12.
2, 3, 11
Let k(f) = f**2 - f**3 + 4 - 4. Let w(c) = 4*c**3 + 2*c**2 - c. Let m(d) = 3*k(d) - w(d). List the prime factors of m(-1).
7
Let x(b) = b**2 - 3*b + 3. Let r = 3 - 3. Let g = 3 - r. What are the prime factors of x(g)?
3
Let f be ((-10)/(-4))/(2/4). What are the prime factors of 9 + f/((-10)/(-6))?
2, 3
Let t be (-5 - -2 - 1) + 25. Let p = t - 10. What are the prime factors of p?
11
Let x be (-64)/10 - (-8)/20. Let j = x - -13. Let r = j + -2. List the prime factors of r.
5
Let m(h) = -11*h - 7. What are the prime factors of m(-4)?
37
Let f = 23 + -14. Suppose 4*u - 7 - f = -4*n, 2*u + 4*n = 8. Suppose 3*v = -2*s - 0*s + 16, -5*v = u*s - 28. List the prime factors of s.
2
Suppose 0 = -2*r + 3*r - 34. List the prime factors of r.
2, 17
Let d(c) = c**3 + 9*c**2 + 9*c + 2. Let k be d(-8). Let x = k - -5. List the prime factors of 9 - x - (-2)/2.
11
Let x(k) = -k**3 + 0*k**3 - 3*k + 1 - 3*k**2 + 0*k**3. What are the prime factors of x(-4)?
29
Let k be 1 + (-1)/(-2)*-2. Let b = -67 + 97. Suppose k = t + t - b. List the prime factors of t.
3, 5
List the prime factors of (-2 - 0 - -1)*0 - -107.
107
Suppose -r + 3 + 2 = 0. Let m(l) be the third derivative of l**4/12 - l**2. List the prime factors of m(r).
2, 5
What are the prime factors of (6/10)/((-6)/(-30))?
3
Let l(a) = -3*a + 7. List the prime factors of l(-7).
2, 7
Let b(l) = l**2 + l - 3. Suppose -4*k - 3*c + 8 = 0, 0*c - 4*c - 16 = 0. What are the prime factors of b(k)?
3
Let w = 54 - 30. What are the prime factors of w?
2, 3
Let p(m) = 37*m - 3. Let n be 20/8 - (-3)/(-2). List the prime factors of p(n).
2, 17
Let o(d) = d**3 + d**2 - 16*d + 7. Let g be o(6). Suppose -4*i = -x - g, -3*x = -i + 26 + 23. List the prime factors of i.
2, 5
Suppose -4*m - 3*k = -5, 4*m = -5*k - 0*k + 3. What are the prime factors of m?
2
Suppose -5 - 1 = 2*c, 0 = s + 5*c + 7. Let i be 8/(-32) + 2/s. Suppose -2*u = -i*u - 32. What are the prime factors of u?
2
Let k = 47 - 18. What are the prime factors of k?
29
Let j = 2 + -3. Let v(l) = -7*l + 1. List the prime factors of v(j).
2
Let z = 54 - 33. What are the prime factors of z?
3, 7
List the prime factors of (-880)/(-14) - 2/(-14).
3, 7
Let g be (4 + 6)/(2/(-4)). Let k = 32 + g. What are the prime factors of (k/8)/(2/4)?
3
Let k = -1 - -7. Suppose -3*f - 180 = -k*f. Suppose 0 = 4*g + p - f, -10 = -2*g + 5*p + 42. What are the prime factors of g?
2
Suppose -2*j = -4*j + 2*b + 10, 8 = j - 2*b. Suppose 14 = -j*a + 54. What are the prime factors of a?
2, 5
Let u be -18*(1 - (-3)/(-2)). Let r = 15 + u. What are the prime factors of (6/(-4))/(r/(-112))?
7
Suppose 11 + 31 = 2*x. Suppose 0 = 4*o - 2*l - 6, 6*l = -2*o + l + x. Suppose -6 = -o*s + 33. What are the prime factors of s?
13
Suppose -i + 274 = i. Let p = i + -92. List the prime factors of p.
3, 5
Let k(b) = -b**3 - 8*b**2 - 11*b - 9. Let q = -15 + 8. List the prime factors of k(q).
19
Suppose 18 = -4*r - 54. Let l = 28 + r. What are the prime factors of l?
2, 5
Let l = 16 + -18. List the prime factors of -1 - -28*l/(-2).
3
Let f = -1 + -1. Let s(g) = -g. Let v be s(f). Suppose -3*u + 7 = -v*u. What are the prime factors of u?
7
Let n(i) = 2*i**2 - 3*i - 5. Let g be n(-5). Suppose 0 = -3*m + g. What are the prime factors of m?
2, 5
Suppose -4*l + 44 = 2*q, -q + 4*l + 14 = -14. Let b be (-26)/2 - -2 - 1. Let x = b + q. List the prime factors of x.
2, 3
Suppose -4*y - 7622 = 634. Let u be (-6)/10 - y/40. Suppose -u = -4*q + 21. List the prime factors of q.
2, 3
Let c(n) = -n**2 - 5*n + 2. Let g be c(-5). Suppose -3*f - 2*f - 6 = g*y, -5*f + 15 = -5*y. Let a(d) = d + 4. What are the prime factors of a(f)?
2
Let a be (1 - 1 - -1)*2. Let i be a/7 + (-26)/(-7). Suppose 0 = -2*s - 2*k + 8, -k + 7 = 6*s - i*s. List the prime factors of s.
3
List the prime factors of ((-24)/132 - (-101)/11)*12.
2, 3
Suppose d - 1 = -5. Let v = d - -9. What are the prime factors of v?
5
Let w be (3/(6/(-4)))/2. Let q be (0 - w)*(1 + 3). Suppose 0 = q*b - 23 - 5. What are the prime factors of b?
7
Suppose x = -0*x + 4. Let p be (-74)/(-8) - x/16. Suppose -4*i + 3 + p = 0. What are the prime factors of i?
3
Let h = -10 - -17. What are the prime factors of (-356)/(-28) + 2/h?
13
Let d(m) = -m**3 - 5*m**2 - m - 2. Let a be d(-6). Suppose 3*k - a = -k. What are the prime factors of k?
2, 5
Let z be 3/(-3) - -4 - -2. Suppose -10 = -z*j - 2*p, -p = 3*j + 3*p - 20. Suppose j = 2*l + 19 - 57. What are the prime factors of l?
19
Let l = 5 + -23. Let v = -12 + 4. What are the prime factors of l/4*v/3?
2, 3
Suppose -775 + 3071 = 14*r. What are the prime factors of r?
2, 41
Let d = -3 + 7. Suppose 0 = i - d*i - n + 12, 2*i - 8 = 3*n. What are the prime factors of i?
2
Let m(f) = -f**3 - 5*f**2 + 6*f + 4. Let j be m(-6). Suppose q - 15 = 43. Suppose -j*z - 10 = -q. List the prime factors of z.
2, 3
Let p(h) be the second derivative of h**4/6 - h**3/2 - 5*h**2/2 + h. Let v be p(5). Suppose -w + 4*w = v. List the prime factors of w.
2, 5
What are the prime factors of 4*(4/12 + (-206)/(-12))?
2, 5, 7
Let a = -82 + 169. What are the prime factors of a?
3, 29
What are the prime factors of 139/(3 + -2)*1?
139
Suppose 0 = -4*j - 8 - 0, -5*s - j = 82. Let a = s - -34. What are the prime factors of a?
2, 3
Let y = -16 - -8. Let a(v) = -3*v - 5. Let l be a(y). Suppose 0 = r - l - 0. List the prime factors of r.
19
Let f(o) = 2*o + 92. What are the prime factors of f(0)?
2, 23
Suppose -5*l + 5*g + 290 = 0, 5*g = 3*l - 8*l + 240. What are the prime factors of l?
53
Let f(p) = -p + 9. Suppose 0*k - 2*k = 2*h - 4, 0 = 5*k - 2*h - 38. Let u be f(k). Suppose -c - 4*i = u, 5*c + 3*i - 52 = -16. What are the prime factors of c?
3
Suppose 0 = -0*r - r + 55. Suppose 2 = -3*x + x, 4*p + 5*x = r. List the prime factors of p.
3, 5
Suppose -z + h = -5, z = 2*z + 4*h + 5. Suppose -4*v - l = -13, 4 + 8 = 3*v + 3*l. Suppose 0*i - c - v = i, -z*c - 5 = 5*i. What are the prime factors of i?
2
List the prime factors of (570/4 - -2) + 10/20.
5, 29
Let o(y) = y - 2. Let u be o(-2). Let c be 4*((-11)/u - 2). Suppose 2*i + 0*j - 4 = -c*j, 4*i = -2*j + 16. List the prime factors of i.
5
Let r be -2 - (2/(-1) - -4). List the prime factors of (-13)/r - (-12)/16.
2
Let p(d) = -d**3 + 8*d**2 - 7*d. Let g be p(7). Suppose -4*u + 14 - 6 = g. Suppose -3*x + x + 14 = u*k, 4*k + x - 40 = 0. What are the prime factors of k?
11
Suppose -3*s - 16 = s. List the prime factors of s - -5 - (-12)/1.
13
Let o = 1 + -5. Let x be ((-20)/3)/(o/6). List the prime factors of x + 1 - (-1 - -1).
11
Let k(r) = r + 15. List the prime factors of k(0).
3, 5
Suppose -c + 2 = -3. Let w be c - 1 - 7/(-7). Suppose -10 = -w*d + 20. What are the prime factors of d?
2, 3
Let p(j) = -12*j. List the prime factors of p(-3).
2, 3
Let t(y) = 4*y**2 + 2*y + 1. Let v = 0 - 2. List the prime factors of t(v).
13
Let g(i) = -25*i - 54. What are the prime factors of g(-13)?
271
Suppose 28 = a + 4*t, -a - 3*t = -4*t - 8. Let q be 1/((a/15)/4). Suppose -w + 7 = -f, 5*f = 3*w - q*w. List the prime factors of w.
5
Suppose -7*t + 28 = -3*t. What are the prime factors of t?
7
Let v be 2001/21 + 6/(-21). Suppose -2*m - 2*a + 3*a + 45 = 0, 4*a = -3*m + v. List the prime factors of m.
5
Let h be (-2)/((-2)/3 - 0). Let j = 8 + h. What are the prime factors of j?
11
Let g = 69 + 7. List the prime factors of g.
2, 19
Suppose 3*y - 635 = -5*p, 6*p - 5*y = 4*p + 223. List the prime factors of p.
2, 31
Suppose -162 = -b - b. List the prime factors of b.
3
Let l = 8 + -8. Suppose l = 2*x + 3*c - 14, x - 4*c = -